 + 74 = -238. Calculate the remainder when 153 is divided by k.
36
Let x = 61 + -6. Suppose -3*g - g = f - 21, 0 = 5*f - g - 147. Calculate the remainder when x is divided by f.
26
Let x(v) = v**2 + 9*v - 9. Let j be x(-10). Let s(t) = -j + 1 + 4*t - t. What is the remainder when 29 is divided by s(5)?
14
Suppose 2*q = 6, 3*l + 3249 = -2*l - 2*q. Calculate the remainder when 92 is divided by (l/9)/(-7)*3.
30
Let m = 20 - 16. Suppose 2 = x - k - 2, 0 = m*x + 5*k - 16. Suppose -x*g + 256 = -52. Calculate the remainder when g is divided by 26.
25
Suppose -2*k = q + 3*q - 192, 3*q = -3*k + 150. Calculate the remainder when 135 is divided by q.
43
Suppose -168 = 35*m - 38*m. Calculate the remainder when m is divided by 19.
18
Suppose 0 = 3*k + 3*c - 189, -2*k + 10*c + 154 = 5*c. Suppose 0 = -4*a + 219 - k. Calculate the remainder when a is divided by 13.
12
Let i(t) = 2*t**2 + 2*t - 2. Let p(l) = -10*l + 18. Let o(r) = 11*r - 17. Let g(a) = 6*o(a) + 7*p(a). What is the remainder when g(-10) is divided by i(3)?
20
Let w(d) = d**2 + 6*d + 6. Let y be w(-6). Suppose s - y = -s. Calculate the remainder when 1 + (s/3 - -2) is divided by 3.
1
Suppose -10*m + 7 + 23 = 0. Suppose -3*w + 2*k = -80 + 5, k = m*w - 75. What is the remainder when 47 is divided by w?
22
Suppose -4*i - p = -2121 + 740, 0 = -2*i + 4*p + 686. Let s = i - 238. What is the remainder when s is divided by 29?
20
Let r be 2*(66/(-18))/(4/6). Let i = r - -13. Let n = 3 - -1. What is the remainder when n is divided by i?
0
Let w(m) = 6*m**2 - 3*m - 2. What is the remainder when 47 is divided by w(-1)?
5
Let q be (48/(-30))/((-6)/75). Let s(h) = -h + 28. Let t be s(q). Suppose 4*w + t = 5*w. What is the remainder when w is divided by 5?
3
Suppose 40*w - 35*w = 75. What is the remainder when 556/20 - 2/(-10) is divided by w?
13
Suppose 6*f - 8 = 2*f. Suppose p - 42 = -p + f*u, -5*u + 145 = 5*p. What is the remainder when p is divided by 9?
7
Suppose 0 = 2*w + 3*s - 44, -s = -3*s + 4. Let f = w + -12. What is the remainder when 4 - f/((-21)/66) is divided by 6?
2
Suppose 0 = 5*q - 12*q + 91. Calculate the remainder when (2 - 7/3)*(-334 + q) is divided by -26*(-1 - 0) - -1.
26
Let m(p) = -7*p - 32. What is the remainder when m(-15) is divided by 16?
9
Let c = -40 - -56. Suppose -8 = -y + c. What is the remainder when 47 is divided by y?
23
Let x(t) be the third derivative of t**5/30 - t**4/12 + 11*t**3/6 - 5*t**2. Calculate the remainder when 17 is divided by x(0).
6
Suppose m + 70 = -4*p + 96, 3*p = 0. Calculate the remainder when 91 is divided by m.
13
Suppose 35 = 3*o - 4. Let f(r) be the first derivative of r**2/2 + 18*r + 1. Calculate the remainder when f(o) is divided by 11.
9
Suppose -q + 96 = 3*q. What is the remainder when 92 is divided by q?
20
Suppose -25*m + 21*m = 144. Let c(y) = -y**3 - 9*y**2 - 11*y - 8. Let v be c(-7). Let f = v - m. Calculate the remainder when 26 is divided by f.
5
Suppose 0 = 5*d + 48 + 2. Let i be (d/5)/(-2) - -3. Suppose i*r - 140 = -r + 4*o, -28 = -r - 2*o. Calculate the remainder when r is divided by 11.
6
Calculate the remainder when 36 is divided by (-9)/(-45)*25 + 5.
6
Let y(n) = -7*n + 9. Let o be y(2). Calculate the remainder when 101 is divided by 4 + o/5 - -32.
31
Let z = -41 - -57. Let w(q) = q**3 - 20*q**2 + 34*q + 42. What is the remainder when z is divided by w(18)?
4
Suppose -t + 116 = -5*r + 3*r, -3*r = -3*t + 351. Calculate the remainder when t is divided by 40.
38
Suppose 0 = 44*s + 93 - 269. What is the remainder when 41 is divided by s?
1
Let o(q) = -2*q + 1. Let i(x) = x**2 + 42*x + 195. Calculate the remainder when o(-7) is divided by i(-37).
5
Suppose 4*a - 2*k = -0*a + 14, 2*a - 5*k - 19 = 0. Calculate the remainder when (-1)/a*24/(-4) is divided by 2.
1
Let x = 6 - 3. Suppose x*w + 5 = 4*w. Calculate the remainder when ((-2870)/(-406) - 7) + 549/29 is divided by w.
4
What is the remainder when 264 is divided by (2 - 1) + -4 - (29 + -59)?
21
Let n be (-44)/10 + (-4)/(-10). Let q(i) = -2*i**3 - 5*i**2 + 2*i + 1. Calculate the remainder when q(n) is divided by (28/(-16) + 2)/((-59)/(-2596)).
8
Let a = -1151 - -1121. Suppose 112 = -6*j + 2*j. Let i = j - a. Calculate the remainder when i is divided by 2.
0
Suppose -3*f + 0*a - 564 = 5*a, 3*f + 534 = 5*a. Let p = f - -262. Calculate the remainder when p is divided by 41.
38
Let y(s) = -s + 49. What is the remainder when 83 is divided by y(31)?
11
Let b be 102/(-17) + 12/2. Suppose b = v - 20*v + 95. What is the remainder when v is divided by ((-3)/2)/((-6)/8)?
1
Let p(w) = -36*w - 450. Calculate the remainder when 300 is divided by p(-13).
12
Let z = -13 - -15. Let q(m) = m**2 + 5 - 2*m - 3*m**z + 7*m**2 + m**3. What is the remainder when 84 is divided by q(-4)?
26
What is the remainder when 34 is divided by (-20)/(-6)*1*54/15?
10
Let q = 38 - 14. Suppose -4*g - 6*t + 8 = -2*t, t + 8 = 4*g. Suppose 5*u = 0, g*m = 4*m - 3*u - 18. Calculate the remainder when q is divided by m.
6
Suppose -4*t - t + 323 = -f, 5*t = 2*f + 321. Suppose -6*r + r = -t. What is the remainder when 25 is divided by r?
12
Let f(q) = -2*q**2 - 5*q + 29. Let k be (-9)/(-12) - (-130)/8. Let y = 32 - k. What is the remainder when f(0) is divided by y?
14
Suppose -420 = 19*h - 39*h. What is the remainder when h is divided by 14?
7
Suppose -33*r = -35*r + 44. What is the remainder when 58 is divided by r?
14
Let z(n) = n**3 + 2*n. Let h be z(2). Suppose 2*i = 56 - h. Suppose 3*u - 48 = -5*u. What is the remainder when i is divided by u?
4
Let b be 5*5/(-10)*-2. Suppose -3*j - s + 74 = 2*j, b*s + 5 = 0. Calculate the remainder when 74 is divided by j.
14
Let o be (-3)/9 + (-95)/3. Let x(l) = 10*l - 99. Let m be x(18). Let n = m + o. What is the remainder when n is divided by 10?
9
Suppose 4*h + 5*j = 74, -3*h + 14 = -2*j - 53. What is the remainder when h is divided by 12?
9
Let f = 79 + -31. Calculate the remainder when 239 is divided by f.
47
Let c(s) = s**3 - s**2 - 2*s + 5. Let r(l) = l**3 - 7*l**2 - l + 10. Let x be r(7). What is the remainder when 84 is divided by c(x)?
16
Suppose 4*x - 2*a = 2*x + 84, -3*x = -a - 116. Let n(z) = 110*z**2 - 2*z - 2. What is the remainder when n(-1) is divided by x?
36
Suppose 161 = 5*s - 5*o + 66, 0 = s + o - 15. Calculate the remainder when s is divided by ((-12)/(-2))/((-2)/(-3)).
8
Let i(h) = h**3 + 8*h**2 - 4*h + 7. Let w be 4/16 - -33*(-2)/8. What is the remainder when i(w) is divided by 12?
3
Let s(q) = q + 3. Let b = -14 - -24. Let z be s(b). Suppose 4*i - 4*y = -4, -y - z = 3*i - 6*y. Calculate the remainder when i is divided by 2.
0
Suppose -u + 3*k = -0 - 8, -4*u + 4*k = -40. Suppose 182 = u*g - 4*g. Let d(b) = -b**2 - 7*b + 3. What is the remainder when g is divided by d(-6)?
8
Let d(g) = 9*g**2 - 5*g + 1. Let c(q) = -q**3 + 8*q**2 + 3. Let l be c(8). What is the remainder when d(l) is divided by 23?
21
Let h be 4/(24/15)*522/15. Let c = h - 20. Calculate the remainder when c is divided by 14.
11
Suppose 0 = -u + 9*u + 248. Calculate the remainder when (-5)/15*3*u is divided by 8.
7
Let j(k) = -18*k - 5 + 7*k + 9*k. Let w(l) = l**3 + 4*l**2 + 2. What is the remainder when w(-3) is divided by j(-4)?
2
Let i = 701 + -495. What is the remainder when i is divided by 23?
22
Let h be (-9)/2*(-12)/9. What is the remainder when h/(-8) + (-131)/(-4) is divided by 7?
4
Suppose 71 = 5*p + 4*v, 2*p + 2*v - 9 - 21 = 0. Let f(k) = -k + 11. Let d be f(p). Suppose -95 = -5*z - d. Calculate the remainder when z is divided by 11.
8
Suppose 8*m = 4*z + 7*m - 862, -654 = -3*z - 3*m. What is the remainder when z is divided by 71?
3
Suppose -3*r = -v + 6, r - 11 = 2*v - 6*v. Calculate the remainder when 18*r*56/(-12) is divided by 29.
26
Let u = -350 + 359. What is the remainder when 106 is divided by u?
7
Let v(d) = 3*d - 1 + 2 - d. Let c(b) = -3*b + 25. What is the remainder when c(2) is divided by v(3)?
5
Suppose -t + 2*t - 28 = 0. What is the remainder when 3/(-42) + 6894/84 is divided by t?
26
Suppose -30 = -13*d + 10*d. What is the remainder when 167 is divided by d?
7
Suppose 6*k - 1 - 11 = 0. Let a(t) = k*t - 5 - t + 15 + t**2 - 5*t. What is the remainder when a(-6) is divided by 18?
16
Suppose -46*n - 87 + 238 = -447. Let x = -5 - -13. What is the remainder when n is divided by 